{"id":2342,"date":"2013-06-17T07:54:23","date_gmt":"2013-06-17T05:54:23","guid":{"rendered":"http:\/\/www.blackmoonrose.de\/?page_id=2342"},"modified":"2024-09-29T07:20:13","modified_gmt":"2024-09-29T05:20:13","slug":"dahinter","status":"publish","type":"page","link":"https:\/\/www.blackmoonrose.de\/?page_id=2342","title":{"rendered":"Dahinter"},"content":{"rendered":"<p align=\"justify\"><strong><img loading=\"lazy\" decoding=\"async\" class=\"alignleft wp-image-13088 size-medium\" style=\"margin-top: 2px; margin-bottom: 2px; margin-right: 2px;\" src=\"https:\/\/www.blackmoonrose.de\/wp-content\/uploads\/2023\/03\/20230222_063036-193x300.jpg\" alt=\"\" width=\"193\" height=\"300\" srcset=\"https:\/\/www.blackmoonrose.de\/wp-content\/uploads\/2023\/03\/20230222_063036-193x300.jpg 193w, https:\/\/www.blackmoonrose.de\/wp-content\/uploads\/2023\/03\/20230222_063036.jpg 579w\" sizes=\"auto, (max-width: 193px) 100vw, 193px\" \/><\/strong>Hallo,mein Name ist Jessica. Ich bin 42 Jahre <del>alt<\/del> und f\u00fcttere diesen Blog seit 2006 bzw. Webseiten seit 2001. Oder so \u00e4hnlich \ud83d\ude09<br \/>\nIch bin eher ein dunkelbuntes,alternatives Ding,seit 2001 crazy Catlady von 3 Fellnasenmonstern und Bademeister f\u00fcr 2 Axolotl. Nicht zu gro\u00df,nicht zu klein,dick oder d\u00fcnn,daf\u00fcr sommersprossig,sarkastisch,zynisch,etwas komischer Humor und ganz weit weg von seri\u00f6s und erwachsen. Jahrgang \u00b482,urspr\u00fcnglich aus OWL\/Herford &#8230;wohnhaft immer noch im sch\u00f6nen OWL nachdem es ein paar wohnliche Experimente gab bez\u00fcglich Standort \ud83d\ude09\u00a0 Inzwischen gibt\u00b4 s (wieder)\u00a0 Landleben.<\/p>\n<p>Sonst,einen Schlag \u00d6kotussi und Geek,gemischt mit Vintage\/Retro,Alternative und div. kleinen Dingen. Eine Vorliebe f\u00fcr asiatische Kulturen (u.a Nepal,Indien,Japan) und Irlandliebe\/Nordliebe. Absolut s\u00fcchtig nach Fotos,zeichnen,malen,grafische Dinge. Zu einem guten Buch sag ich auch nicht nein,ebenso nicht zu Musik. Da gibt\u00b4s eher rockige,alternative Dinge. Eine h\u00e4usliche Seite an mir gibt es auch,die eine handwerkliche nicht ausschlie\u00dft ^^ \u00a0Gestrickt wird ebenso. In Sachen h\u00e4keln \u00a0bin ich allerdings talentfrei,ebenso n\u00e4hen kann ich nicht (reicht f\u00fcr einen Knopf ann\u00e4hen)<br \/>\nSerien und Filme gibt es bei mir nur im O-Ton (so lang es sich um die englische Sprache handelt) Sync find ich f\u00fcr gew\u00f6hnlich gruslig und geht mir zu viel verloren. Gengre ist da Mystic\/Gruselzeug. Auch wenn ich eigentlich recht erschrecklich bin. Danach klappt\u00b4s dann noch besser \ud83d\ude09 Ausgepr\u00e4gte Clown und Puppenphobie. Auf sowas kann ich gar nicht und das schlimmste was man mir da antun kann ist,in einen Zirkus schleppen oder in ein Puppenzimmer sperren.<br \/>\nAls Ausgleich gibt\u00b4s gerne Cartoon\/Anime\/Manga\/Zeichentrickfilme\/serien. Aus dem Alter komm ich wohl nie raus. Am liebsten nat\u00fcrlich eher die \u00e4lteren Sachen die noch &#8220;richtig&#8221; Zeichentrick waren. Mit den heutigen animierten Dingen kann ich nicht soooo furchbar viel anfangen oder sie m\u00fcssen wirklich sehr gut gemacht sein.<br \/>\nAch und ich liebe kitschige,cute,pl\u00fcschige,awwww Kleinigkeiten.<\/p>\n<p>Inkompatibel bin ich leider mit Gluten und Milchzucker -.- Das ich mir mal Unvertr\u00e4glichkeiten einhandel h\u00e4tte ich wohl auch nicht gedacht. Wobei das Gluten wohl schon seit meiner Kindheit bestehen muss r\u00fcckblickend gesehen. Auch wenn ich da zun\u00e4chst keine\/selten akute Beschwerden hatte. Zumindest nicht in dem Ausma\u00dfe wie zuletzt die mir k\u00f6rperlich und auch psychisch so ziemlich alles abverlangt hatten. Seit 2017 hei\u00dft es f\u00fcr mich strikt die Finger von Gluten zu lassen und Alternativen zu finden die einem nicht die Nackenhaare hochstehen oder die Zunge abfallen lassen.<\/p>\n<p>Es gibt nun nach langem warten und wohnlich nicht m\u00f6glich,wieder einen eigenen Garten. Auch wenn ich mir eher einen schwarzen als gr\u00fcnen Daumen unterstelle. Format Bauerngarten. Als Kind gab\u00b4s einen reinen Nutzgarten mit vielen Obstb\u00e4umen (bestimmt 20 Apfelb\u00e4umen,1 riesen Kirschbaum,Zwetschgenb\u00e4ume etc) und s\u00e4mtlichem Gem\u00fcse was man so brauchte. Sprich im optimalsten Fall musste kaum zugekauft werden und es wurd einiges eingemacht und auch eingefroren was ging.<br \/>\nDas w\u00e4re heute nicht ganz meines,da ich lieber Mischg\u00e4rten mag \ud83d\ude42 So ein klein wenig was buntes f\u00fcr\u00b4s Auge muss einfach dabei sein finde ich. Zumal ich einen riesen Narren an Dahlien gefressen habe. Und bevor der Balkon \u00fcberl\u00e4uft &#8230;<\/p>\n<p>Meine Tools bez\u00fcglich Fotos und Grafikzeug bestehen aus (vorsicht,ich hab einen kleinen Sammeltick bei Kameras ^^) einer Canon AE1,Canon EOS 3,Canon Eos 10D,Canon Eos 7D,Minolta Dynax 7 und f\u00fcr Schnappsch\u00fcsse gibt\u00b4s eine kleine Canon Powershot. Dazu nat\u00fcrlich div. Objektive und Zubeh\u00f6r.<br \/>\nBildbearbeitung in dem Sinne gibt\u00b4s minimal. Mal etwas Farbe \u00e4ndern\/korrigieren,Sch\u00e4rfe\/Unsch\u00e4rfe,ggf Bildausschnitt oder schwarz\/wei\u00df ziehen.<br \/>\nDies passiert f\u00fcr gew\u00f6hnlich in Photoshop dem ich seit ca. 15 Jahren verfallen bin. Dazu gibt\u00b4s noch Illustrator,Sai und Krita auf der Festplatte. F\u00fcr digitale Pinselstriche gibt\u00b4s ein Wacon Intuos.<\/p>\n","protected":false},"excerpt":{"rendered":"<p>Hallo,mein Name ist Jessica. Ich bin 42 Jahre alt und f\u00fcttere diesen Blog seit 2006 bzw. Webseiten seit 2001. Oder so \u00e4hnlich \ud83d\ude09 Ich bin eher ein dunkelbuntes,alternatives Ding,seit 2001 crazy Catlady von 3 Fellnasenmonstern und Bademeister f\u00fcr 2 Axolotl. Nicht zu gro\u00df,nicht zu klein,dick oder d\u00fcnn,daf\u00fcr sommersprossig,sarkastisch,zynisch,etwas komischer Humor und ganz weit weg von &hellip; <\/p>\n","protected":false},"author":1,"featured_media":0,"parent":0,"menu_order":0,"comment_status":"closed","ping_status":"closed","template":"","meta":{"footnotes":""},"class_list":["post-2342","page","type-page","status-publish","hentry"],"_links":{"self":[{"href":"https:\/\/www.blackmoonrose.de\/index.php?rest_route=\/wp\/v2\/pages\/2342","targetHints":{"allow":["GET"]}}],"collection":[{"href":"https:\/\/www.blackmoonrose.de\/index.php?rest_route=\/wp\/v2\/pages"}],"about":[{"href":"https:\/\/www.blackmoonrose.de\/index.php?rest_route=\/wp\/v2\/types\/page"}],"author":[{"embeddable":true,"href":"https:\/\/www.blackmoonrose.de\/index.php?rest_route=\/wp\/v2\/users\/1"}],"replies":[{"embeddable":true,"href":"https:\/\/www.blackmoonrose.de\/index.php?rest_route=%2Fwp%2Fv2%2Fcomments&post=2342"}],"version-history":[{"count":45,"href":"https:\/\/www.blackmoonrose.de\/index.php?rest_route=\/wp\/v2\/pages\/2342\/revisions"}],"predecessor-version":[{"id":13694,"href":"https:\/\/www.blackmoonrose.de\/index.php?rest_route=\/wp\/v2\/pages\/2342\/revisions\/13694"}],"wp:attachment":[{"href":"https:\/\/www.blackmoonrose.de\/index.php?rest_route=%2Fwp%2Fv2%2Fmedia&parent=2342"}],"curies":[{"name":"wp","href":"https:\/\/api.w.org\/{rel}","templated":true}]}}